{"id":1337,"date":"2021-04-06T12:53:59","date_gmt":"2021-04-06T12:53:59","guid":{"rendered":"https:\/\/www.wexfordwildfowlreserve.ie\/fiseain\/"},"modified":"2021-04-06T12:53:59","modified_gmt":"2021-04-06T12:53:59","slug":"fiseain","status":"publish","type":"page","link":"https:\/\/www.wexfordwildfowlreserve.ie\/ga\/fiseain\/","title":{"rendered":"F\u00edse\u00e1in"},"content":{"rendered":"<p><iframe loading=\"lazy\" title=\"Turas timpeall ar Anaclann \u00c9anlaithe Fi\u00e1ine Loch Garman - F\u00edse\u00e1n Facebook\" src=\"https:\/\/www.facebook.com\/plugins\/video.php?height=314&amp;href=https%3A%2F%2Fwww.facebook.com%2Fnpwswexfordwildfowlreserve%2Fvideos%2F1566176703563946%2F&amp;show_text=false&amp;width=560&amp;t=0\" width=\"560\" height=\"314\" style=\"border:none;overflow:hidden\" scrolling=\"no\" frameborder=\"0\" allowfullscreen=\"true\" allow=\"autoplay; clipboard-write; encrypted-media; picture-in-picture; web-share\"><\/iframe><\/p>\n<p>C\u00e9 go bhfuil muid d\u00fanta is f\u00e9idir leat breathn\u00fa thart ar an Ionad Cuairteoir\u00ed leis an turas f\u00edor\u00fail seo. N\u00ed h\u00e9 an scann\u00e1na\u00edocht is fearr \u00e9 mar rinneadh \u00e9 ar mo ghuth\u00e1n f\u00e9in at\u00e1 s\u00e1ch sean agus a bhfuil fadhbanna cuimhne aige #npws #wexfordwildfowlreserve #wexford #countywexford #LoveNature #noticenature #birds #geese #inthistogether<\/p>\n<p><iframe loading=\"lazy\" title=\"F\u00edric\u00ed faoi Ialt\u00f3ga - F\u00edse\u00e1n ar Facebook\" style=\"border: none; overflow: hidden;\" src=\"https:\/\/www.facebook.com\/plugins\/video.php?height=314&amp;href=https%3A%2F%2Fwww.facebook.com%2Fnpwswexfordwildfowlreserve%2Fvideos%2F1266883153676060%2F&amp;show_text=false&amp;width=560&amp;t=0\" width=\"560\" height=\"314\" frameborder=\"0\" scrolling=\"no\" allowfullscreen=\"allowfullscreen\"><\/iframe><\/p>\n","protected":false},"excerpt":{"rendered":"<p>C\u00e9 go bhfuil muid d\u00fanta is f\u00e9idir leat breathn\u00fa thart ar an Ionad Cuairteoir\u00ed leis an turas f\u00edor\u00fail seo. N\u00ed h\u00e9 an scann\u00e1na\u00edocht is fearr \u00e9 mar rinneadh \u00e9 ar mo ghuth\u00e1n f\u00e9in at\u00e1 s\u00e1ch sean agus a bhfuil fadhbanna cuimhne aige #npws #wexfordwildfowlreserve #wexford #countywexford #LoveNature #noticenature #birds #geese #inthistogether<\/p>\n","protected":false},"author":7,"featured_media":0,"parent":0,"menu_order":0,"comment_status":"closed","ping_status":"closed","template":"full-width.php","meta":{"cybocfi_hide_featured_image":"","footnotes":""},"class_list":["post-1337","page","type-page","status-publish","hentry"],"yoast_head":"<!-- This site is optimized with the Yoast SEO plugin v27.5 - https:\/\/yoast.com\/product\/yoast-seo-wordpress\/ -->\n<title>F\u00edse\u00e1in - Anaclann \u00e9anlaithe fi\u00e1ine Loch Garman<\/title>\n<meta name=\"robots\" content=\"index, follow, max-snippet:-1, max-image-preview:large, max-video-preview:-1\" \/>\n<link rel=\"canonical\" href=\"https:\/\/www.wexfordwildfowlreserve.ie\/ga\/fiseain\/\" \/>\n<meta property=\"og:locale\" content=\"ga_IE\" \/>\n<meta property=\"og:type\" content=\"article\" \/>\n<meta property=\"og:title\" content=\"F\u00edse\u00e1in - Anaclann \u00e9anlaithe fi\u00e1ine Loch Garman\" \/>\n<meta property=\"og:description\" content=\"C\u00e9 go bhfuil muid d\u00fanta is f\u00e9idir leat breathn\u00fa thart ar an Ionad Cuairteoir\u00ed leis an turas f\u00edor\u00fail seo. N\u00ed h\u00e9 an scann\u00e1na\u00edocht is fearr \u00e9 mar rinneadh \u00e9 ar mo ghuth\u00e1n f\u00e9in at\u00e1 s\u00e1ch sean agus a bhfuil fadhbanna cuimhne aige #npws #wexfordwildfowlreserve #wexford #countywexford #LoveNature #noticenature #birds #geese #inthistogether\" \/>\n<meta property=\"og:url\" content=\"https:\/\/www.wexfordwildfowlreserve.ie\/ga\/fiseain\/\" \/>\n<meta property=\"og:site_name\" content=\"Anaclann \u00e9anlaithe fi\u00e1ine Loch Garman\" \/>\n<meta name=\"twitter:card\" content=\"summary_large_image\" \/>\n<script type=\"application\/ld+json\" class=\"yoast-schema-graph\">{\"@context\":\"https:\\\/\\\/schema.org\",\"@graph\":[{\"@type\":\"WebPage\",\"@id\":\"https:\\\/\\\/www.wexfordwildfowlreserve.ie\\\/ga\\\/fiseain\\\/\",\"url\":\"https:\\\/\\\/www.wexfordwildfowlreserve.ie\\\/ga\\\/fiseain\\\/\",\"name\":\"F\u00edse\u00e1in - Anaclann \u00e9anlaithe fi\u00e1ine Loch Garman\",\"isPartOf\":{\"@id\":\"https:\\\/\\\/www.wexfordwildfowlreserve.ie\\\/ga\\\/#website\"},\"datePublished\":\"2021-04-06T12:53:59+00:00\",\"breadcrumb\":{\"@id\":\"https:\\\/\\\/www.wexfordwildfowlreserve.ie\\\/ga\\\/fiseain\\\/#breadcrumb\"},\"inLanguage\":\"ga-IE\",\"potentialAction\":[{\"@type\":\"ReadAction\",\"target\":[\"https:\\\/\\\/www.wexfordwildfowlreserve.ie\\\/ga\\\/fiseain\\\/\"]}]},{\"@type\":\"BreadcrumbList\",\"@id\":\"https:\\\/\\\/www.wexfordwildfowlreserve.ie\\\/ga\\\/fiseain\\\/#breadcrumb\",\"itemListElement\":[{\"@type\":\"ListItem\",\"position\":1,\"name\":\"Home\",\"item\":\"https:\\\/\\\/www.wexfordwildfowlreserve.ie\\\/ga\\\/\"},{\"@type\":\"ListItem\",\"position\":2,\"name\":\"F\u00edse\u00e1in\"}]},{\"@type\":\"WebSite\",\"@id\":\"https:\\\/\\\/www.wexfordwildfowlreserve.ie\\\/ga\\\/#website\",\"url\":\"https:\\\/\\\/www.wexfordwildfowlreserve.ie\\\/ga\\\/\",\"name\":\"Wexford Wildfowl Reserve\",\"description\":\"\",\"publisher\":{\"@id\":\"https:\\\/\\\/www.wexfordwildfowlreserve.ie\\\/ga\\\/#organization\"},\"potentialAction\":[{\"@type\":\"SearchAction\",\"target\":{\"@type\":\"EntryPoint\",\"urlTemplate\":\"https:\\\/\\\/www.wexfordwildfowlreserve.ie\\\/ga\\\/?s={search_term_string}\"},\"query-input\":{\"@type\":\"PropertyValueSpecification\",\"valueRequired\":true,\"valueName\":\"search_term_string\"}}],\"inLanguage\":\"ga-IE\"},{\"@type\":\"Organization\",\"@id\":\"https:\\\/\\\/www.wexfordwildfowlreserve.ie\\\/ga\\\/#organization\",\"name\":\"Wexford Wildfowl Reserve\",\"url\":\"https:\\\/\\\/www.wexfordwildfowlreserve.ie\\\/ga\\\/\",\"logo\":{\"@type\":\"ImageObject\",\"inLanguage\":\"ga-IE\",\"@id\":\"https:\\\/\\\/www.wexfordwildfowlreserve.ie\\\/ga\\\/#\\\/schema\\\/logo\\\/image\\\/\",\"url\":\"https:\\\/\\\/www.wexfordwildfowlreserve.ie\\\/wp-content\\\/uploads\\\/2018\\\/10\\\/WWP-sized.png\",\"contentUrl\":\"https:\\\/\\\/www.wexfordwildfowlreserve.ie\\\/wp-content\\\/uploads\\\/2018\\\/10\\\/WWP-sized.png\",\"width\":404,\"height\":100,\"caption\":\"Wexford Wildfowl Reserve\"},\"image\":{\"@id\":\"https:\\\/\\\/www.wexfordwildfowlreserve.ie\\\/ga\\\/#\\\/schema\\\/logo\\\/image\\\/\"}}]}<\/script>\n<!-- \/ Yoast SEO plugin. -->","yoast_head_json":{"title":"F\u00edse\u00e1in - Anaclann \u00e9anlaithe fi\u00e1ine Loch Garman","robots":{"index":"index","follow":"follow","max-snippet":"max-snippet:-1","max-image-preview":"max-image-preview:large","max-video-preview":"max-video-preview:-1"},"canonical":"https:\/\/www.wexfordwildfowlreserve.ie\/ga\/fiseain\/","og_locale":"ga_IE","og_type":"article","og_title":"F\u00edse\u00e1in - Anaclann \u00e9anlaithe fi\u00e1ine Loch Garman","og_description":"C\u00e9 go bhfuil muid d\u00fanta is f\u00e9idir leat breathn\u00fa thart ar an Ionad Cuairteoir\u00ed leis an turas f\u00edor\u00fail seo. N\u00ed h\u00e9 an scann\u00e1na\u00edocht is fearr \u00e9 mar rinneadh \u00e9 ar mo ghuth\u00e1n f\u00e9in at\u00e1 s\u00e1ch sean agus a bhfuil fadhbanna cuimhne aige #npws #wexfordwildfowlreserve #wexford #countywexford #LoveNature #noticenature #birds #geese #inthistogether","og_url":"https:\/\/www.wexfordwildfowlreserve.ie\/ga\/fiseain\/","og_site_name":"Anaclann \u00e9anlaithe fi\u00e1ine Loch Garman","twitter_card":"summary_large_image","schema":{"@context":"https:\/\/schema.org","@graph":[{"@type":"WebPage","@id":"https:\/\/www.wexfordwildfowlreserve.ie\/ga\/fiseain\/","url":"https:\/\/www.wexfordwildfowlreserve.ie\/ga\/fiseain\/","name":"F\u00edse\u00e1in - Anaclann \u00e9anlaithe fi\u00e1ine Loch Garman","isPartOf":{"@id":"https:\/\/www.wexfordwildfowlreserve.ie\/ga\/#website"},"datePublished":"2021-04-06T12:53:59+00:00","breadcrumb":{"@id":"https:\/\/www.wexfordwildfowlreserve.ie\/ga\/fiseain\/#breadcrumb"},"inLanguage":"ga-IE","potentialAction":[{"@type":"ReadAction","target":["https:\/\/www.wexfordwildfowlreserve.ie\/ga\/fiseain\/"]}]},{"@type":"BreadcrumbList","@id":"https:\/\/www.wexfordwildfowlreserve.ie\/ga\/fiseain\/#breadcrumb","itemListElement":[{"@type":"ListItem","position":1,"name":"Home","item":"https:\/\/www.wexfordwildfowlreserve.ie\/ga\/"},{"@type":"ListItem","position":2,"name":"F\u00edse\u00e1in"}]},{"@type":"WebSite","@id":"https:\/\/www.wexfordwildfowlreserve.ie\/ga\/#website","url":"https:\/\/www.wexfordwildfowlreserve.ie\/ga\/","name":"Wexford Wildfowl Reserve","description":"","publisher":{"@id":"https:\/\/www.wexfordwildfowlreserve.ie\/ga\/#organization"},"potentialAction":[{"@type":"SearchAction","target":{"@type":"EntryPoint","urlTemplate":"https:\/\/www.wexfordwildfowlreserve.ie\/ga\/?s={search_term_string}"},"query-input":{"@type":"PropertyValueSpecification","valueRequired":true,"valueName":"search_term_string"}}],"inLanguage":"ga-IE"},{"@type":"Organization","@id":"https:\/\/www.wexfordwildfowlreserve.ie\/ga\/#organization","name":"Wexford Wildfowl Reserve","url":"https:\/\/www.wexfordwildfowlreserve.ie\/ga\/","logo":{"@type":"ImageObject","inLanguage":"ga-IE","@id":"https:\/\/www.wexfordwildfowlreserve.ie\/ga\/#\/schema\/logo\/image\/","url":"https:\/\/www.wexfordwildfowlreserve.ie\/wp-content\/uploads\/2018\/10\/WWP-sized.png","contentUrl":"https:\/\/www.wexfordwildfowlreserve.ie\/wp-content\/uploads\/2018\/10\/WWP-sized.png","width":404,"height":100,"caption":"Wexford Wildfowl Reserve"},"image":{"@id":"https:\/\/www.wexfordwildfowlreserve.ie\/ga\/#\/schema\/logo\/image\/"}}]}},"jetpack_sharing_enabled":true,"_links":{"self":[{"href":"https:\/\/www.wexfordwildfowlreserve.ie\/ga\/wp-json\/wp\/v2\/pages\/1337","targetHints":{"allow":["GET"]}}],"collection":[{"href":"https:\/\/www.wexfordwildfowlreserve.ie\/ga\/wp-json\/wp\/v2\/pages"}],"about":[{"href":"https:\/\/www.wexfordwildfowlreserve.ie\/ga\/wp-json\/wp\/v2\/types\/page"}],"author":[{"embeddable":true,"href":"https:\/\/www.wexfordwildfowlreserve.ie\/ga\/wp-json\/wp\/v2\/users\/7"}],"replies":[{"embeddable":true,"href":"https:\/\/www.wexfordwildfowlreserve.ie\/ga\/wp-json\/wp\/v2\/comments?post=1337"}],"version-history":[{"count":0,"href":"https:\/\/www.wexfordwildfowlreserve.ie\/ga\/wp-json\/wp\/v2\/pages\/1337\/revisions"}],"wp:attachment":[{"href":"https:\/\/www.wexfordwildfowlreserve.ie\/ga\/wp-json\/wp\/v2\/media?parent=1337"}],"curies":[{"name":"wp","href":"https:\/\/api.w.org\/{rel}","templated":true}]}}

Físeáin

<p><iframe loading="lazy" title="Turas timpeall ar Anaclann Éanlaithe Fiáine Loch Garman - Físeán Facebook" src="https://www.facebook.com/plugins/video.php?height=314&amp;href=https%3A%2F%2Fwww.facebook.com%2Fnpwswexfordwildfowlreserve%2Fvideos%2F1566176703563946%2F&amp;show_text=false&amp;width=560&amp;t=0" width="560" height="314" style="border:none;overflow:hidden" scrolling="no" frameborder="0" allowfullscreen="true" allow="autoplay; clipboard-write; encrypted-media; picture-in-picture; web-share"></iframe></p>
<p>Cé go bhfuil muid dúnta is féidir leat breathnú thart ar an Ionad Cuairteoirí leis an turas fíorúil seo. Ní hé an scannánaíocht is fearr é mar rinneadh é ar mo ghuthán féin atá sách sean agus a bhfuil fadhbanna cuimhne aige #npws #wexfordwildfowlreserve #wexford #countywexford #LoveNature #noticenature #birds #geese #inthistogether</p>
<p><iframe loading="lazy" title="Fíricí faoi Ialtóga - Físeán ar Facebook" style="border: none; overflow: hidden;" src="https://www.facebook.com/plugins/video.php?height=314&amp;href=https%3A%2F%2Fwww.facebook.com%2Fnpwswexfordwildfowlreserve%2Fvideos%2F1266883153676060%2F&amp;show_text=false&amp;width=560&amp;t=0" width="560" height="314" frameborder="0" scrolling="no" allowfullscreen="allowfullscreen"></iframe></p>

<p>Cé go bhfuil muid dúnta is féidir leat breathnú thart ar an Ionad Cuairteoirí leis an turas fíorúil seo. Ní hé an scannánaíocht is fearr é mar rinneadh é ar mo ghuthán féin atá sách sean agus a bhfuil fadhbanna cuimhne aige #npws #wexfordwildfowlreserve #wexford #countywexford #LoveNature #noticenature #birds #geese #inthistogether</p>

<!-- This site is optimized with the Yoast SEO plugin v27.5 - https://yoast.com/product/yoast-seo-wordpress/ -->
<title>Físeáin - Anaclann éanlaithe fiáine Loch Garman</title>
<meta name="robots" content="index, follow, max-snippet:-1, max-image-preview:large, max-video-preview:-1" />
<link rel="canonical" href="https://www.wexfordwildfowlreserve.ie/ga/fiseain/" />
<meta property="og:locale" content="ga_IE" />
<meta property="og:type" content="article" />
<meta property="og:title" content="Físeáin - Anaclann éanlaithe fiáine Loch Garman" />
<meta property="og:description" content="Cé go bhfuil muid dúnta is féidir leat breathnú thart ar an Ionad Cuairteoirí leis an turas fíorúil seo. Ní hé an scannánaíocht is fearr é mar rinneadh é ar mo ghuthán féin atá sách sean agus a bhfuil fadhbanna cuimhne aige #npws #wexfordwildfowlreserve #wexford #countywexford #LoveNature #noticenature #birds #geese #inthistogether" />
<meta property="og:url" content="https://www.wexfordwildfowlreserve.ie/ga/fiseain/" />
<meta property="og:site_name" content="Anaclann éanlaithe fiáine Loch Garman" />
<meta name="twitter:card" content="summary_large_image" />
<script type="application/ld+json" class="yoast-schema-graph">{"@context":"https:\/\/schema.org","@graph":[{"@type":"WebPage","@id":"https:\/\/www.wexfordwildfowlreserve.ie\/ga\/fiseain\/","url":"https:\/\/www.wexfordwildfowlreserve.ie\/ga\/fiseain\/","name":"Físeáin - Anaclann éanlaithe fiáine Loch Garman","isPartOf":{"@id":"https:\/\/www.wexfordwildfowlreserve.ie\/ga\/#website"},"datePublished":"2021-04-06T12:53:59+00:00","breadcrumb":{"@id":"https:\/\/www.wexfordwildfowlreserve.ie\/ga\/fiseain\/#breadcrumb"},"inLanguage":"ga-IE","potentialAction":[{"@type":"ReadAction","target":["https:\/\/www.wexfordwildfowlreserve.ie\/ga\/fiseain\/"]}]},{"@type":"BreadcrumbList","@id":"https:\/\/www.wexfordwildfowlreserve.ie\/ga\/fiseain\/#breadcrumb","itemListElement":[{"@type":"ListItem","position":1,"name":"Home","item":"https:\/\/www.wexfordwildfowlreserve.ie\/ga\/"},{"@type":"ListItem","position":2,"name":"Físeáin"}]},{"@type":"WebSite","@id":"https:\/\/www.wexfordwildfowlreserve.ie\/ga\/#website","url":"https:\/\/www.wexfordwildfowlreserve.ie\/ga\/","name":"Wexford Wildfowl Reserve","description":"","publisher":{"@id":"https:\/\/www.wexfordwildfowlreserve.ie\/ga\/#organization"},"potentialAction":[{"@type":"SearchAction","target":{"@type":"EntryPoint","urlTemplate":"https:\/\/www.wexfordwildfowlreserve.ie\/ga\/?s={search_term_string}"},"query-input":{"@type":"PropertyValueSpecification","valueRequired":true,"valueName":"search_term_string"}}],"inLanguage":"ga-IE"},{"@type":"Organization","@id":"https:\/\/www.wexfordwildfowlreserve.ie\/ga\/#organization","name":"Wexford Wildfowl Reserve","url":"https:\/\/www.wexfordwildfowlreserve.ie\/ga\/","logo":{"@type":"ImageObject","inLanguage":"ga-IE","@id":"https:\/\/www.wexfordwildfowlreserve.ie\/ga\/#\/schema\/logo\/image\/","url":"https:\/\/www.wexfordwildfowlreserve.ie\/wp-content\/uploads\/2018\/10\/WWP-sized.png","contentUrl":"https:\/\/www.wexfordwildfowlreserve.ie\/wp-content\/uploads\/2018\/10\/WWP-sized.png","width":404,"height":100,"caption":"Wexford Wildfowl Reserve"},"image":{"@id":"https:\/\/www.wexfordwildfowlreserve.ie\/ga\/#\/schema\/logo\/image\/"}}]}</script>
<!-- / Yoast SEO plugin. -->

Físeáin - Anaclann éanlaithe fiáine Loch Garman

Cé go bhfuil muid dúnta is féidir leat breathnú thart ar an Ionad Cuairteoirí leis an turas fíorúil seo. Ní hé an scannánaíocht is fearr é mar rinneadh é ar mo ghuthán féin atá sách sean agus a bhfuil fadhbanna cuimhne aige #npws #wexfordwildfowlreserve #wexford #countywexford #LoveNature #noticenature #birds #geese #inthistogether

Anaclann éanlaithe fiáine Loch Garman
